760 = -10*v. Calculate the greatest common divisor of v and 38.
38
Let z be (-3)/(-12) + (-1148)/(-16). What is the highest common divisor of z and 48?
24
Suppose 26 + 14 = 2*n. Suppose l - m = 41, -3*m - m = n. What is the greatest common factor of l and 12?
12
Suppose -3*r - 3*j = 2*r - 57, 5*r - 63 = 3*j. What is the greatest common divisor of 12 and r?
12
Let c be 4/(-12) + 85/3. Calculate the greatest common divisor of c and 4.
4
Let n be ((0 + -2)/1)/1. Let r(t) = 2*t**2 + 2*t + 3. Let z be r(n). Suppose 5*y - z - 38 = 0. What is the highest common factor of y and 18?
9
Let p be ((-22)/5)/(4/(-100)). Let s = p + -26. Calculate the highest common factor of s and 21.
21
Let r = -17 - -179. Calculate the greatest common factor of r and 18.
18
Let t(b) = 6*b**2 + 1. Let q be t(-1). What is the greatest common divisor of q and 28?
7
Let t = -35 + 38. Calculate the highest common divisor of t and 15.
3
Suppose 5*y - 20 = 2*i, -5*y + 4*i + 35 = -i. What is the highest common divisor of 1 and y?
1
Suppose -5*x - 3*x = -96. What is the greatest common divisor of 24 and x?
12
Let m = 81 + -36. What is the highest common factor of m and 15?
15
Let y = -6 - -5. Let n(s) = -9*s. Let j be n(y). What is the greatest common factor of j and 9?
9
Let c(b) = -20*b - 5. Let y be c(-5). Let h = y + -60. Let i = 45 - 38. Calculate the highest common divisor of i and h.
7
Let q = -6 + 11. Let v = q + 13. Let y = 29 - v. What is the highest common divisor of y and 55?
11
Suppose 0 = -0*b - 5*b. Suppose 0 = -b*a - 3*a + 27. What is the greatest common divisor of 27 and a?
9
Suppose 2*r = -4*k + 108, k + 42 = 3*k - 5*r. Calculate the greatest common factor of k and 130.
26
Let o(g) = -64*g**3 - 2*g**2 + 1. Let b be o(-1). Let j = 13 - 4. Calculate the greatest common factor of b and j.
9
Suppose -4*a + 2*z = -39 + 1, z + 1 = 0. Let q = a + -5. Suppose -5*p = -q*g + 46, 0 = g - 4*p - 7 - 10. Calculate the greatest common divisor of 6 and g.
3
Suppose -2 - 4 = 3*d. Let m = d + 1. Let g be (1/(-2))/(m/20). Calculate the greatest common divisor of g and 4.
2
Let s = -4 + 124. Calculate the highest common divisor of 8 and s.
8
Let x = 33 - -18. Calculate the highest common factor of x and 34.
17
Let u(g) = -109*g**2 + 5*g + 6. Let f(y) = -y - 1. Let j(a) = -6*f(a) - u(a). Let z be j(-1). Calculate the greatest common divisor of 12 and z.
12
Let w(s) = -8*s + 6. Let v be w(-3). Calculate the greatest common divisor of v and 6.
6
Let o be 4/(-8)*1*26/(-1). What is the greatest common divisor of 104 and o?
13
Let o = -10 - -17. Let m(u) = -21*u. Let w be m(-3). Let h = w - o. Calculate the greatest common factor of 8 and h.
8
Let a be (-17)/(2*(-1)/2). Calculate the highest common divisor of a and 153.
17
Let u be 130/18 + (-6)/27. What is the highest common factor of 63 and u?
7
Let y = -68 + 158. Calculate the greatest common divisor of y and 6.
6
Let p = 109 - 39. Suppose 2*m = -2*h + 7*h + 150, m - 5*h - p = 0. Calculate the greatest common factor of m and 10.
10
Suppose -2*l = -6*l - 4*r + 12, -3 = 2*l + 5*r. Let m be 1/l - 1065/(-90). Calculate the highest common divisor of m and 48.
12
Let d = 23 + 8. Suppose 5*i - 4*n - 689 = 0, n - 5 = -6. Let u = i + d. What is the highest common factor of 21 and u?
21
Let h be 119/35 - (-6)/10. Suppose 3*n - 93 = -h*m, 4*m - 5*n = -0*n + 69. Calculate the highest common factor of m and 84.
21
Suppose t - 5*t + 180 = 0. Calculate the highest common divisor of 5 and t.
5
Let d(s) = -5*s + 2. Let p(c) = c**2 - 4*c - 2. Let n be p(4). Let m be d(n). What is the greatest common factor of m and 18?
6
Suppose 4*p = 8 - 0. Suppose 5*y + 0*d - 340 = 2*d, p*y - 112 = -4*d. Calculate the highest common divisor of 6 and y.
6
Let v = 27 - 13. Calculate the highest common factor of 56 and v.
14
Let h(s) = 3*s. Let n be h(-3). Let x = -1 + n. Let f be (-4)/(-10) - 26/x. What is the highest common divisor of f and 1?
1
Let b(i) = i - 4*i - 5*i + 2 + i. Let n be b(-4). Calculate the greatest common divisor of n and 3.
3
Let j(u) = -2*u**2 + 105. Let s be j(0). What is the highest common divisor of 15 and s?
15
Suppose 4*c - 5*y = 138, 0*c + 2*c + 2*y - 60 = 0. What is the greatest common divisor of c and 16?
16
Suppose 2*l + 2*l + 5*h = 616, 4*h = 2*l - 282. Suppose -2*s + l = a, s - 3*a = -5*a + 82. Calculate the greatest common factor of s and 8.
8
Let m(d) = 15*d**2 + 4*d + 1. Let a be m(-4). Let c = a - 36. What is the highest common divisor of 21 and c?
21
Suppose 5 = 5*w - 10. Calculate the highest common factor of 3 and w.
3
Suppose 5*a - 2*y = 2*y + 220, 5*y = -25. Suppose 3*v + 18 = 2*v. Let t = -2 - v. Calculate the greatest common divisor of a and t.
8
Suppose c + 4*i = -10, -2*i + 7*i = 4*c - 23. Suppose 0*p + p - 52 = -g, 0 = c*p - 4. Calculate the greatest common divisor of g and 75.
25
Suppose -66 = -3*v - z - z, 2*z = 3*v - 54. What is the highest common factor of 20 and v?
20
Let h(p) = p**3 - 10*p**2 + 6*p - 3. Let n be h(10). Calculate the highest common divisor of 38 and n.
19
Let j(x) be the second derivative of -8*x**3 + x**2/2 - 5*x. Let w be j(-1). What is the highest common factor of w and 7?
7
Let k(t) be the second derivative of t**5/20 - 3*t**4/4 + 11*t**3/6 - 9*t**2/2 - 2*t. Let r be k(9). What is the greatest common factor of 9 and r?
9
Let t(d) = 2*d + 17. Let r be t(-7). Calculate the greatest common divisor of r and 15.
3
Let c = 168 - 156. Calculate the greatest common divisor of c and 48.
12
Suppose -z = 5*r + 3, -5*r - 6 = -2*z + 3. Let p(a) = 6*a**2 + a**z - 8 + a - 6*a**2 - 5*a. Let m be p(6). What is the greatest common divisor of m and 36?
4
Suppose -5*d = -0*d - 1375. Suppose 4*c + f - 68 = c, -2*c = 4*f - 42. Let r be 6/9*3 + c. Calculate the greatest common factor of r and d.
25
Let i(h) = 2*h**2 + h + 8. Let v be i(5). What is the greatest common divisor of v and 7?
7
Let c = 49 + -21. Calculate the highest common factor of c and 70.
14
Let b(u) be the second derivative of -23*u**3/6 - 5*u**2 - 3*u. Let g be b(-8). Let x = g + -86. Calculate the highest common factor of 8 and x.
8
Let s be (-183)/(-12) - 1/4. Let h(l) = -l**3 - 2*l + 2. Let g be h(2). Let c be (-32)/(-5) + 4/g. What is the highest common factor of c and s?
3
Let z be 2*33/18*3. Let n be (-1 + z)*(-11)/(-2). What is the greatest common factor of n and 22?
11
Let u be 3/6 - 978/(-12). Suppose -h = -2*f - 98, f - 2*h = -53 + 4. Let s = u + f. What is the highest common factor of s and 11?
11
Suppose 0 = -2*c + 4*z, -5*z = 3 + 2. Let x = 4 + c. Suppose 91 = x*a - a. What is the greatest common factor of 13 and a?
13
Suppose 0 = j + j + 4. Let a be 9/(46/22 + j). Let l = -179 - -188. What is the highest common factor of a and l?
9
Suppose -2*b + 4*b - 14 = 0. Let v = b + -3. Calculate the greatest common factor of v and 36.
4
Let r = 13 + -8. Suppose -3*c - 318 = 3*q - 6*q, 3*c = -r*q + 562. Calculate the highest common divisor of 10 and q.
10
Let g(c) = c**2 + 7. Let m be g(0). Let f = 3 - m. Let d = f + 8. What is the greatest common factor of 8 and d?
4
Suppose -4*c + 6 = z, -5*c - 3*z + 2 = z. Suppose k - 150 = -c*k. Let v = k - 36. Calculate the greatest common factor of v and 98.
14
Let x = -8 - -13. Calculate the highest common divisor of x and 5.
5
Let a = -249 - -405. Suppose -5*o + a = 6. Let l = 9 - -3. Calculate the highest common divisor of o and l.
6
Let g(k) = 8*k**2 - 8*k - 3. Let j be g(6). Let w be 1 + j - (-3)/3. Let v = w - 169. Calculate the greatest common factor of 28 and v.
14
Suppose 3*u = -2*r + 69, 0 = 5*r - 3*r + 2*u - 64. Suppose -2*i = -4*s - 24, s = 3*i + i - r. What is the greatest common factor of i and 30?
6
Let a = -52 + 61. What is the highest common factor of a and 99?
9
Let h = -10 + 6. Let o = h + 10. Let k(q) = -q**3 + 8*q**2 - 6*q - 4. Let y be k(7). Calculate the greatest common factor of y and o.
3
Let f(w) = w**3 + 3*w**2 - 19*w - 5. Let r be f(-6). What is the greatest common divisor of r and 17?
1
Let o = 45 - 34. Let h be 12 + (-2)/(-1 + 3). Suppose -2*q + q = -h. What is the greatest common divisor of o and q?
11
Let w be (-2 - (-18)/5)*15. Suppose 4*k - 3 = 61. Calculate the highest common divisor of k and w.
8
Let y = -14 - -45. What is the greatest common factor of y and 62?
31
Suppo